62 = 0. Let r = -68 + 153. What is the remainder when r is divided by l?
19
What is the remainder when 10*2*7/4 is divided by 96/4*3/6?
11
Suppose s = -s + 52. Suppose -t + 14 = -0*t. Calculate the remainder when s is divided by t.
12
Let v(q) = 0*q**2 + q**2 + 2*q - 2 - 3. Let y be v(-4). Suppose 0 = -5*r - 4*b + 119, 0 = -r + b - y*b + 25. What is the remainder when r is divided by 8?
7
Let d = 85 - 82. What is the remainder when 4 is divided by d?
1
What is the remainder when 15/10*(2 - -26) is divided by 11?
9
Suppose -2*z - 103 = -5*j - 4*z, -3*j - 3*z + 69 = 0. What is the remainder when 34 is divided by j?
15
Let m = 22 - 38. Suppose 2*j + 4*p + 84 = 0, 3*j - 2*p + 95 - 9 = 0. Let o = m - j. Calculate the remainder when o is divided by 9.
7
Let r be ((-1)/(-1))/((-1)/(-8)). Suppose 0 = -7*t + 3*t - r. Calculate the remainder when (-37)/t*(-6 + 8) is divided by 13.
11
Suppose 2*f + 50 = 174. Calculate the remainder when f is divided by 16.
14
Let u be (33 - 1)*15/10. Suppose -4*o = -u - 20. What is the remainder when o is divided by 10?
7
What is the remainder when 36/1 - (-3)/3 is divided by 13?
11
Let r(t) = -t**3 - 6*t**2 - 3*t - 5. Calculate the remainder when r(-6) is divided by 7.
6
Let c = 11 - 9. Suppose -4*k = g - 201, -c*k - 6*g + 3*g + 103 = 0. Calculate the remainder when k is divided by 17.
16
Let z(v) = 2*v**2 - 5*v + 25. Calculate the remainder when z(5) is divided by 21.
8
Calculate the remainder when 35 is divided by (0 - 0) + (-54)/(-6).
8
Let b(m) = -m**2. Let p be b(1). Suppose 0 = -0*q - 3*q + 3. What is the remainder when (-4)/(p - -3)*-1 is divided by q?
0
Let a = 100 + -60. What is the remainder when a is divided by 5*(-5)/(25/(-14))?
12
Suppose -25 = -2*z + 23. Suppose 5*b - b - 88 = 0. Suppose -5*y = 25, -3*q + b + z = -5*y. Calculate the remainder when 13 is divided by q.
6
Let c = -22 - -23. Suppose -m + 41 = -c. Calculate the remainder when m is divided by 0 + 13 + (-2)/1.
9
Let g(w) = -16*w - 3. Suppose 0 = z - 1 + 3. Calculate the remainder when g(z) is divided by 8.
5
Suppose -6 = 2*s + w - 5*w, -s + 9 = 2*w. Suppose s*z + 3*z - 522 = 0. What is the remainder when z is divided by 15?
12
Let x(a) = a**3 + 9*a**2 + 7*a + 11. What is the remainder when 56 is divided by x(-8)?
18
What is the remainder when (-861)/(-18) + 1/6 is divided by 17?
14
Suppose -5*v = -b + 5, 5*v - 46 - 99 = -5*b. What is the remainder when 49 is divided by b?
24
Suppose -4*j + 3*h = -0*j - 43, -64 = -4*j - 4*h. Calculate the remainder when 25 is divided by j.
12
Let k(u) = u - 2. Let s be k(8). Let h(o) = o**3 - 6*o**2 + 2*o - 6. Let i be h(s). Suppose -10 = -q + i. Calculate the remainder when 29 is divided by q.
13
Suppose -3*p + p - 8 = 0. Let g(d) = d**2 + 2*d - 5. Calculate the remainder when 6 is divided by g(p).
0
Let k(c) = -6*c. Calculate the remainder when 78/8 - 1/(-4) is divided by k(-1).
4
Suppose 20*v - 28*v = -280. What is the remainder when v is divided by 9?
8
Let v(r) = -r**3 - 4*r**2 + 4*r - 7. Let i be v(-5). What is the remainder when (i + -1)*(-148)/12 is divided by 19?
18
Suppose 0*g = -5*g + 805. Suppose -3*b = 4*b - g. Calculate the remainder when 67 is divided by b.
21
Let f(l) = 2*l. Let b(v) = -v - 1. Let s be b(3). Let r be f(s). Let g(u) = -5*u - 3. What is the remainder when g(r) is divided by 13?
11
Let a(y) = 2*y**2 + 2*y + 1. Let w be a(-2). Suppose 0*c = w*c + 20. Calculate the remainder when 8 is divided by 5 + (-2)/c*0.
3
Suppose 0 = 5*k - 3*k - 42. What is the remainder when k is divided by 5?
1
Let u = -10 - -14. Let n be 10/(-2) + 12/6. Calculate the remainder when ((-38)/n)/(u/6) is divided by 7.
5
Let h = 64 - 21. Let m = h - -18. Calculate the remainder when m is divided by 16.
13
Calculate the remainder when 273 is divided by 549/12 + 4/(-4 - -20).
43
What is the remainder when 22 is divided by ((-18)/6)/(-12) + (-22)/(-8)?
1
Suppose 0*n = n - 19. Suppose 0*y - l = -y + n, l = -5. Calculate the remainder when 41 is divided by y.
13
Let b(p) = -13*p - 28. Let v(u) = 4*u + 9. Let q(l) = -2*b(l) - 7*v(l). Calculate the remainder when 27 is divided by q(-11).
12
Suppose -2*y = 2*y - 48. Calculate the remainder when 21 is divided by y.
9
What is the remainder when 94 is divided by 74/6 - (11 + -5)/18?
10
Suppose 4*f + 6 = 30. Let v = -13 - -9. Let i = f + v. Calculate the remainder when i is divided by 1.
0
Calculate the remainder when (-6)/(-8) + (-61)/(-4) is divided by 10.
6
Calculate the remainder when 22 is divided by (1 - 25)*25/(-50).
10
Suppose o - 20 - 2 = 0. What is the remainder when 86 is divided by o?
20
Let g = -7 + 14. Suppose r - 8 = -3*z, -4 = z - 2*r - 2. Suppose 3*t - z*p - 3*p = 17, 0 = -3*t - p + 11. Calculate the remainder when g is divided by t.
3
Let d = 9 - 0. Suppose 5*y - 273 + 100 = -f, 3*f = d. Calculate the remainder when y is divided by 12.
10
Suppose 12 = f + 3*s, 4*s = 5*f - 0*s - 22. Calculate the remainder when 23 is divided by f.
5
Suppose -2 = -b + i, -b - 3*i + 2*i = -2. Suppose b*z = -0*z + 74. Calculate the remainder when z is divided by 13.
11
Suppose 2*f + 32 = -3*k + 12, 4*f + 12 = k. Let p(v) = -4*v + 9. Calculate the remainder when p(f) is divided by 14.
11
Let f(l) = -6*l - 15. What is the remainder when f(-15) is divided by 20?
15
Let a = 60 + -11. Calculate the remainder when a is divided by 13.
10
Let u = 47 + -33. Let l = -10 + 35. Calculate the remainder when l is divided by u.
11
Suppose -2*p = -4*p + 3*j + 41, 5*p = -4*j + 68. Calculate the remainder when 30 is divided by p.
14
Let s(m) = m + 2. Let f be s(8). Calculate the remainder when 4/f + (-948)/(-30) is divided by 11.
10
Let f = -49 - -69. Let m(o) = 3*o**2 - 5*o + 7. What is the remainder when m(5) is divided by f?
17
Suppose 4*j + 130 = -q - q, -4*q = -j + 233. Let x = q + 102. Suppose -2*o + 5*s + x = -0*o, -3*s = 5*o - 154. What is the remainder when o is divided by 10?
9
Suppose -u - d - 9 = -2*d, -2*u + 3*d - 22 = 0. Let k = 9 + u. Suppose -k*b = -19 - 57. What is the remainder when 56 is divided by b?
18
Suppose 5*r + 4 = 3*q - 21, 5*r - 45 = -4*q. Calculate the remainder when 18 is divided by q.
8
Suppose -4*x = 2*v - 192, -2*x + 2*v + 58 = -x. Suppose -u + 0*u = 3*d - x, 3*u = d - 20. What is the remainder when 49 is divided by d?
15
Suppose -5*j = 2*c - 12, -20 = j - 4*j + 2*c. Calculate the remainder when j is divided by 3.
1
Let i(a) = a**2 + 7*a + 1. Let u be i(-6). Let j(s) = -12*s. Let t be j(u). Let v = -43 + t. What is the remainder when 33 is divided by v?
16
Let c(z) = -5*z - 3 + 2 + 4*z - 12*z**3. Suppose n + 2*n = 69. What is the remainder when n is divided by c(-1)?
11
Let u(w) = -w**3 + 3*w + 2. Let g be u(-2). Suppose 4*x - 3*x - 59 = -5*p, 0 = 4*x - g*p - 236. Let s = 99 - x. Calculate the remainder when s is divided by 14.
12
Let d be 0 - -4 - 0/4. Suppose d*j = -v + 100, 0*j = -j + 2*v + 34. Let t(x) = -x**3 + 6*x**2 - 4*x - 2. What is the remainder when j is divided by t(4)?
12
Suppose 0 = -4*k - 1 + 9. Calculate the remainder when 5 is divided by k.
1
Let s = 13 - 26. Let r = -9 - s. Suppose o + r = 9. Calculate the remainder when o is divided by 3.
2
Suppose m + 27 = 37. Suppose 5*f - 156 = f. Calculate the remainder when f is divided by m.
9
Let p(j) = j**3 + 6*j**2 - 7*j + 17. Suppose 4*b = -2*m - 20, -2*b - 2*m = -0 + 6. What is the remainder when p(b) is divided by 6?
5
Suppose n - 3*n + 50 = 0. Let p be (-138)/(-5) - 8/(-20). Let m = -14 + p. Calculate the remainder when n is divided by m.
11
Let z = 45 + -12. Let w(n) = n**3 + n + 9. What is the remainder when z is divided by w(0)?
6
Calculate the remainder when (-399)/(-4) - 1/(-4) is divided by 15.
10
Suppose -3*d + 21 = -12. What is the remainder when d is divided by (-4)/10 - 32*(-2)/10?
5
Let t = -112 + 116. What is the remainder when 13 is divided by t?
1
Let t(i) = -i**2 - 15*i - 9. Calculate the remainder when 50 is divided by t(-13).
16
Suppose -6*b + 3*b = -174. What is the remainder when b is divided by 15?
13
Suppose 2*v + 3*t - 21 = 0, 6*t = -2*v + 2*t + 20. Suppose -4*k - 4*f - v = 0, f + 6 = 1. Calculate the remainder when k is divided by 3 - ((-4)/(-1) - 2).
0
Let p(n) = -n**3 + 6*n**2 - 6*n + 3. Let m be p(5). Let j be 3/(3/m) + 0. Let s = j - -11. What is the remainder when 25 i